x) = -x**3 - 6*x**2 - 6*x - 5. Determine p(-5).
0
Let c(w) = w**3 - 4*w**2 + 5*w - 2. Give c(3).
4
Let z(g) = 2*g**2 + 13*g + 7. What is z(-6)?
1
Let d(f) = 4*f + 70. Determine d(-8).
38
Let h(o) = -3*o - 11. Calculate h(4).
-23
Let n(j) = -j**3 - 15*j**2 + j + 8. Calculate n(-15).
-7
Let h(t) = t**2 - 10*t + 12. Give h(7).
-9
Let g(n) = -n - 14. Determine g(6).
-20
Let r(w) = w**3 - 26*w**2 + 19*w + 30. Calculate r(25).
-120
Let x(j) = j**2 - 31*j - 9. Give x(33).
57
Let t(r) = -17*r - 184. Calculate t(-11).
3
Let a(o) = -o**2 - o. Give a(0).
0
Let s(j) = -j**3 + 6*j**2 + 10*j - 1. Give s(7).
20
Let i(t) = -21*t**2 + 121*t + 3. What is i(6)?
-27
Let h(o) = o**2 + 2*o + 30. What is h(0)?
30
Let o(s) = s**3 + 7*s**2 - 6*s - 22. Determine o(-8).
-38
Let t(w) = w - 20. Determine t(9).
-11
Let k(s) = -s**3 + 25*s**2 - 24*s + 3. What is k(24)?
3
Let u(r) = r**2 - 12*r - 8. What is u(13)?
5
Let z(j) = -22*j + 3. Give z(4).
-85
Let r(w) = -9*w**3 + 4*w**2 - 5*w + 2. Give r(1).
-8
Let x(f) = -f**3 - 6*f**2 + 2*f. Calculate x(-6).
-12
Let h(z) = -3*z + 12. Give h(8).
-12
Let p(q) = -111*q**2. Calculate p(-1).
-111
Let j(a) = 2*a**2 - 11*a - 25. Give j(-2).
5
Let q(b) = b**2 - 13*b + 22. What is q(10)?
-8
Let k(r) = -r - 23. What is k(-3)?
-20
Let r(j) = 12*j + 1. Give r(-2).
-23
Let w(z) = 14*z**2 + z - 3. Calculate w(1).
12
Let a(m) = 3*m - 17. Calculate a(8).
7
Let a(c) = -c - 8. Calculate a(5).
-13
Let f(u) = 50*u + 2. Calculate f(-1).
-48
Let y(c) = c**3 + 3*c**2 - 7*c - 26. What is y(-3)?
-5
Let n(g) = -4*g + 12. What is n(6)?
-12
Let x(h) = 10*h + 21. What is x(3)?
51
Let k(o) = -o + 13. Determine k(1).
12
Let g(d) = d**2 - 9*d + 10. Calculate g(9).
10
Let s(y) = 5*y - 4. Give s(1).
1
Let y(m) = m**3 + 4*m**2 - m + 1. Calculate y(-4).
5
Let i(t) = t**2 + 4*t - 9. Determine i(-7).
12
Let x(z) = -2*z**3 + 4*z**2 - z - 5. Give x(0).
-5
Let o(p) = p**3 - 4*p**2 - 6*p + 9. Give o(5).
4
Let v(g) = 2*g**2 + 9*g + 33. What is v(-6)?
51
Let s(q) = q**3 - 7*q**2 + 9*q - 4. Give s(5).
-9
Let f(j) = j**2 + 9*j - 37. Calculate f(-8).
-45
Let z(l) = -4*l**2 + 19*l - 13. Determine z(5).
-18
Let a(b) = b + 3. Give a(2).
5
Let q(f) = f**2 + 2*f + 3. What is q(4)?
27
Let n(q) = -3*q**2 - 7*q - 9. Determine n(-3).
-15
Let a(x) = -x**2 + 8*x + 5. What is a(9)?
-4
Let n(d) = 2*d**3 - 44*d**2 + 48*d - 117. Give n(21).
9
Let k(t) = t**3 + 14*t**2 + 14*t + 18. What is k(-13)?
5
Let t(m) = -17*m - 35. Calculate t(4).
-103
Let z(u) = 6*u**2 + 3*u - 2. Determine z(1).
7
Let i(f) = -10*f**3 + f**2 - 2*f - 2. Determine i(-1).
11
Let a(h) = 2*h + 37. Determine a(8).
53
Let h(i) = 2*i**2 - 12*i + 11. Give h(8).
43
Let r(q) = 2*q**2 - 3*q - 2. Determine r(6).
52
Let s(p) = p**2 - 5*p - 1. Give s(3).
-7
Let o(r) = 2*r - 12. What is o(6)?
0
Let g(i) = i**3 - 7*i**2 + 12*i - 40. Determine g(6).
-4
Let m(c) = c**3 + 6*c**2 + c - 5. Give m(-6).
-11
Let w(q) = 5*q**3 - 3*q**2 + 5*q + 9. Determine w(-1).
-4
Let t(u) = -4*u**2 - 3*u - 3. Give t(0).
-3
Let p(j) = -j**3 - 7*j**2 - 11*j + 12. Calculate p(-4).
8
Let y(s) = 4*s + 7. Calculate y(-2).
-1
Let p(s) = -s**3 - 14*s**2 + 17*s + 52. What is p(-15)?
22
Let n(d) = -d - 19. What is n(10)?
-29
Let s(x) = -11*x**2 + 308*x - 7. What is s(28)?
-7
Let o(t) = 18*t - 29. Calculate o(6).
79
Let q(o) = o**3 + 21*o**2 + 22*o + 22. Determine q(-20).
-18
Let m(h) = h**3 + 29*h**2 + 29*h + 26. Give m(-28).
-2
Let o(m) = -110*m - 765. Determine o(-7).
5
Let b(p) = -p**3 - 3*p**2 + 2*p. Give b(-5).
40
Let a(n) = n**3 + 9*n**2 - 17*n - 58. Give a(-10).
12
Let y(r) = r**3 + 7*r**2 + 7. Calculate y(-7).
7
Let n(y) = -y**2 - 26*y - 58. What is n(-22)?
30
Let j(d) = -16*d + 4. What is j(-1)?
20
Let t(l) = -2*l**2 + 33*l - 84. What is t(13)?
7
Let h(j) = -2*j**2 + 7*j - 8. Give h(3).
-5
Let z(a) = 2*a + 12. Determine z(-21).
-30
Let f(n) = -n**2 - 16*n + 1. What is f(-15)?
16
Let q(k) = -k**2 - 14*k + 9. Give q(-15).
-6
Let y(z) = z**3 + 11*z**2 + 6*z - 15. What is y(-10)?
25
Let m(p) = -p**3 + 29*p**2 - 27*p - 25. What is m(28)?
3
Let b(q) = -q**3 - q**2 + q + 1. What is b(-1)?
0
Let j(w) = w**3 - 14*w**2 + 14*w - 14. Give j(13).
-1
Let l(s) = -s**3 + 5*s - 16. What is l(0)?
-16
Let d(k) = k + 15. Give d(-17).
-2
Let m(u) = 7*u**2 - 13*u - 7. Calculate m(3).
17
Let t(c) = 2*c**3 - 20*c**2 - c + 6. What is t(10)?
-4
Let x(z) = 2*z - 3. Calculate x(6).
9
Let b(x) = -20*x + 13. Calculate b(3).
-47
Let s(t) = t**3 + 8*t**2 + 3*t - 15. Calculate s(-7).
13
Let u(w) = -217*w + 2822. Give u(13).
1
Let l(r) = -4*r**2 - r + 14. Determine l(6).
-136
Let h(j) = 2*j**3 - 5*j**2 + 4*j - 4. What is h(3)?
17
Let r(g) = -17*g - 2. Determine r(-1).
15
Let o(k) = -k**2 + 4*k + 6. Calculate o(9).
-39
Let w(h) = h + 46. Give w(0).
46
Let s(n) = -n**3 + 3*n**2 + 16*n - 5. Give s(6).
-17
Let r(h) = 2*h + 39. Give r(-28).
-17
Let i(u) = -20*u - 1. Determine i(-2).
39
Let u(q) = 3*q**2 + 13*q - 7. Calculate u(5).
133
Let i(m) = m**2 + 2*m + 3. Calculate i(-6).
27
Let w(c) = c**3 + 4*c**2 - 12*c + 8. Determine w(-6).
8
Let i(q) = -q**3 - 13*q**2 - 20*q + 16. Determine i(-11).
-6
Let d(g) = -g**2 - 15*g - 3. What is d(-14)?
11
Let t(u) = 2*u**2 + 25*u - 16. What is t(-16)?
96
Let z(n) = 2*n - 20. Determine z(10).
0
Let i(u) = -u**3 - 6*u**2 + 4*u - 32. What is i(-7)?
-11
Let p(j) = -j**2 + 13*j - 11. Determine p(10).
19
Let y(z) = z**3 + z**2 - 4*z - 2. Calculate y(3).
22
Let h(d) = d**3 - 4*d**2 - 35*d + 1. What is h(8)?
-23
Let k(b) = b**2 - 16*b - 31. Give k(19).
26
Let o(r) = -r**3 + r**2 + r - 1. What is o(0)?
-1
Let n(m) = m**3 - 2*m**2 - 3*m. Determine n(-2).
-10
Let b(u) = 14*u + 105. What is b(-6)?
21
Let d(h) = -h**3 + h**2 - 12. What is d(0)?
-12
Let z(t) = t**2 + 24*t + 70. Calculate z(-21).
7
Let s(z) = 231*z - 457. Determine s(2).
5
Let l(q) = 3*q**2 + 11*q - 49. What is l(3)?
11
Let l(k) = k**2 + 88*k + 1712. Calculate l(-59).
1
Let x(d) = d**3 + 22*d**2 - 133*d + 61. Give x(-27).
7
Let y(z) = -8*z - 5. What is y(-6)?
43
Let z(s) = 6*s**3 + 4*s**2 + 5*s + 5. Calculate z(-2).
-37
Let q(t) = 2*t + 26. Give q(-9).
8
Let m(u) = -u + 56. Determine m(11).
45
Let j(n) = 3*n**2 - 7*n - 10. Calculate j(-6).
140
Let c(h) = 3*h**2 - 7*h + 3. Give c(3).
9
Let s(d) = d**3 + 21*d**2 - 3*d - 48. Give s(-21).
15
Let y(w) = -2*w - 20. Give y(-10).
0
Let r(s) = -s**3 + 10*s**2 + 14*s - 14. Give r(11).
19
Let x(v) = v**2 + 2*v - 6. Calculate x(-6).
18
Let y(d) = d**2 + 13*d - 15. Determine y(-11).
-37
Let w(r) = -r**3 + 11*r**2 + 14*r + 5. What is w(12)?
29
Let v(m) = m**3 + 35*m**2 - 5*m - 84. Determine v(-35).
91
Let y(r) = 3*r**2 + 34*r + 59. What is y(-2)?
3
Let u(q) = 2*q**3 + 8*q**2 - 2*q + 1. What is u(-4)?
9
Let z(y) = -y**2 - y - 14. Calculate z(0).
-14
Let t(n) = n**2 - 26*n + 10. Calculate t(25).
-15
Let l(t) = 15*t**3 + 8*t**2 - 2*t + 1. Determine l(-2).
-83
Let s(q) = q**3 - 5*q**2 + 3*q - 9. Determine s(5).
6
Let x(m) = m**3 + 6*m**2 - 9*m - 3. Calculate x(-6).
51
Let s(k) = k**2 - 14*k + 15. Give s(15).
30
Let z(u) = -7*u + 25. What is z(3)?
4
Let f(r) = 9*r - 122. What is f(12)?
-14
Let j(m) = -14*m - 23. Determine j(-2).
5
Let z(n) = -n**2 + n - 44. What is z(0)?
-44
Let m(o) = o**2 + 4*o + 9. Give m(-7).
30
Let g(o) = 4*o + 49. What is g(-13)?
-3
Let a(z) = z**2 + 18*z - 28. Give a(-16).
-60
Let f(u) = -15*u + 124. What is f(12)?
-56
Let d(c) = -7*c**2 - c + 1. Give d(-1).
-5
Let o(s) = -s**3 - 21*s**2 + 43*s - 19. What is o(-23)?
50
Let y(u) = u**2 + 6*u + 4. What is y(-4)?
-4
Let y(i) = -4*i + 43. Give y(11).
-1
Let q(k) = k**2 + 6*k + 27. What is q(-11)?
82
Let j(r) = -r - 11. Give j(-9).
-2
Let a(b) = 9*b. Give a(-4).
-36
Let i(u) = -3*u**3 - 16*u**2 + 16*u + 29. What is i(-6)?
5
Let g(y) = -31*y + 9. Calculate g(-1).
40
Let s(n) = n + 4. Give s(-3).
1
Let c(s) = -9*s + 22. Calculate c(2).
4
Let h(l) = l**2 - 3. Determine h(6).
33
Let i(f) = -f**2 + 12. Give i(-4).
-4
Let m(f) = 2*f**2 - 25*f - 19. Calculate m(13).
-6
Let i(x) = -8*x + 10. Calculate i(0).
10
Let u(z) = -z - 26. What is u(9)?
-35
Let m(o) = -2*o**2 + 5*o + 2. What is m(4)?
-10
Let p(g) = 3*g**2 + 28*g - 13. Give p(-7).
-62
Let m(v) = v**2 - 10*v + 24. Calculate m(4).
0
Let p(m) = m**3 - 7*m**2 - 10*m + 71. What is p(7)?
1
Let v(p) = p**3 - 2*p**2 + 4. Calculate v(0).
4
Let f(q) = -3*q + 1. Ca